{"version":"1.0","provider_name":"Press Loft blog","provider_url":"https:\/\/blog.pressloft.com\/de\/","author_name":"admin","author_url":"https:\/\/blog.pressloft.com\/de\/author\/admin\/","title":"Wohnen in Schwarz und Wei\u00df - Press Loft blog","type":"rich","width":600,"height":338,"html":"<blockquote class=\"wp-embedded-content\" data-secret=\"ANW8nc8ScL\"><a href=\"https:\/\/blog.pressloft.com\/de\/2014\/11\/wohnen-in-schwarz-und-weis\/\">Wohnen in Schwarz und Wei\u00df<\/a><\/blockquote><iframe sandbox=\"allow-scripts\" security=\"restricted\" src=\"https:\/\/blog.pressloft.com\/de\/2014\/11\/wohnen-in-schwarz-und-weis\/embed\/#?secret=ANW8nc8ScL\" width=\"600\" height=\"338\" title=\"&#8222;Wohnen in Schwarz und Wei\u00df&#8220; &#8211; Press Loft blog\" data-secret=\"ANW8nc8ScL\" frameborder=\"0\" marginwidth=\"0\" marginheight=\"0\" scrolling=\"no\" class=\"wp-embedded-content\"><\/iframe><script type=\"text\/javascript\">\n\/* <![CDATA[ *\/\n\/*! This file is auto-generated *\/\n!function(d,l){\"use strict\";l.querySelector&&d.addEventListener&&\"undefined\"!=typeof URL&&(d.wp=d.wp||{},d.wp.receiveEmbedMessage||(d.wp.receiveEmbedMessage=function(e){var t=e.data;if((t||t.secret||t.message||t.value)&&!\/[^a-zA-Z0-9]\/.test(t.secret)){for(var s,r,n,a=l.querySelectorAll('iframe[data-secret=\"'+t.secret+'\"]'),o=l.querySelectorAll('blockquote[data-secret=\"'+t.secret+'\"]'),c=new RegExp(\"^https?:$\",\"i\"),i=0;i<o.length;i++)o[i].style.display=\"none\";for(i=0;i<a.length;i++)s=a[i],e.source===s.contentWindow&&(s.removeAttribute(\"style\"),\"height\"===t.message?(1e3<(r=parseInt(t.value,10))?r=1e3:~~r<200&&(r=200),s.height=r):\"link\"===t.message&&(r=new URL(s.getAttribute(\"src\")),n=new URL(t.value),c.test(n.protocol))&&n.host===r.host&&l.activeElement===s&&(d.top.location.href=t.value))}},d.addEventListener(\"message\",d.wp.receiveEmbedMessage,!1),l.addEventListener(\"DOMContentLoaded\",function(){for(var e,t,s=l.querySelectorAll(\"iframe.wp-embedded-content\"),r=0;r<s.length;r++)(t=(e=s[r]).getAttribute(\"data-secret\"))||(t=Math.random().toString(36).substring(2,12),e.src+=\"#?secret=\"+t,e.setAttribute(\"data-secret\",t)),e.contentWindow.postMessage({message:\"ready\",secret:t},\"*\")},!1)))}(window,document);\n\/\/# sourceURL=https:\/\/blog.pressloft.com\/wp-includes\/js\/wp-embed.min.js\n\/* ]]> *\/\n<\/script>\n","thumbnail_url":"https:\/\/i0.wp.com\/blog.pressloft.com\/wp-content\/uploads\/2014\/11\/885668_l3.jpg?fit=1000%2C700&ssl=1","thumbnail_width":1000,"thumbnail_height":700,"description":"Die Trendfarben im Bereich Mode und Wohnen \u00e4ndern sich mit jedem Jahr und jeder Jahreszeit. Nur zwei Farben geraten niemals aus der Mode: Schwarz und Wei\u00df. Jede Farbe f\u00fcr sich \u00a0kann etwas eint\u00f6nig wirken, aber in Kombination miteinander sind die Farben einfach unschlagbar.\u00a0Das praktische an diesen Farben ist, dass Sie sich beliebig mit (fast) jeder [&hellip;]"}

Wohnen in Schwarz und Weiß - Press Loft blog

<blockquote class="wp-embedded-content" data-secret="ANW8nc8ScL"><a href="https://blog.pressloft.com/de/2014/11/wohnen-in-schwarz-und-weis/">Wohnen in Schwarz und Weiß</a></blockquote><iframe sandbox="allow-scripts" security="restricted" src="https://blog.pressloft.com/de/2014/11/wohnen-in-schwarz-und-weis/embed/#?secret=ANW8nc8ScL" width="600" height="338" title="&#8222;Wohnen in Schwarz und Weiß&#8220; &#8211; Press Loft blog" data-secret="ANW8nc8ScL" frameborder="0" marginwidth="0" marginheight="0" scrolling="no" class="wp-embedded-content"></iframe><script type="text/javascript">
/* <![CDATA[ */
/*! This file is auto-generated */
!function(d,l){"use strict";l.querySelector&&d.addEventListener&&"undefined"!=typeof URL&&(d.wp=d.wp||{},d.wp.receiveEmbedMessage||(d.wp.receiveEmbedMessage=function(e){var t=e.data;if((t||t.secret||t.message||t.value)&&!/[^a-zA-Z0-9]/.test(t.secret)){for(var s,r,n,a=l.querySelectorAll('iframe[data-secret="'+t.secret+'"]'),o=l.querySelectorAll('blockquote[data-secret="'+t.secret+'"]'),c=new RegExp("^https?:$","i"),i=0;i<o.length;i++)o[i].style.display="none";for(i=0;i<a.length;i++)s=a[i],e.source===s.contentWindow&&(s.removeAttribute("style"),"height"===t.message?(1e3<(r=parseInt(t.value,10))?r=1e3:~~r<200&&(r=200),s.height=r):"link"===t.message&&(r=new URL(s.getAttribute("src")),n=new URL(t.value),c.test(n.protocol))&&n.host===r.host&&l.activeElement===s&&(d.top.location.href=t.value))}},d.addEventListener("message",d.wp.receiveEmbedMessage,!1),l.addEventListener("DOMContentLoaded",function(){for(var e,t,s=l.querySelectorAll("iframe.wp-embedded-content"),r=0;r<s.length;r++)(t=(e=s[r]).getAttribute("data-secret"))||(t=Math.random().toString(36).substring(2,12),e.src+="#?secret="+t,e.setAttribute("data-secret",t)),e.contentWindow.postMessage({message:"ready",secret:t},"*")},!1)))}(window,document);
//# sourceURL=https://blog.pressloft.com/wp-includes/js/wp-embed.min.js
/* ]]> */
</script>

Die Trendfarben im Bereich Mode und Wohnen ändern sich mit jedem Jahr und jeder Jahreszeit. Nur zwei Farben geraten niemals aus der Mode: Schwarz und Weiß. Jede Farbe für sich  kann etwas eintönig wirken, aber in Kombination miteinander sind die Farben einfach unschlagbar. Das praktische an diesen Farben ist, dass Sie sich beliebig mit (fast) jeder [&hellip;]
